ppose -4*a + w + 40 = 0, -2*a + 5*w + 0 + 20 = 0. Suppose -a*v = -14*v + 116. Let k = -16 + v. What is the greatest common factor of k and 65?
13
Let z(y) = -3*y**2 - 49*y - 4. Let l be z(-14). What is the greatest common factor of 47 and l?
47
Suppose 0 = -d + 14 + 25. Let z(r) = -5 + 6 - 5*r + 3*r - 4*r. Let y be z(-2). Calculate the greatest common divisor of d and y.
13
Suppose 0 = -4*u + f + 176, 73 = 2*u + f - 15. Let s be (-2)/5 + u/10. Let g(b) = -36*b - 4. Let d be g(-1). What is the greatest common factor of s and d?
4
Let x = 655 - 467. Suppose 0 = -5*j - 53 + x. Calculate the highest common divisor of j and 243.
27
Suppose -159 = -o - 4*m, 5*o + 285 = 3*m + 1011. Calculate the greatest common factor of o and 168.
21
Suppose -24*f + 33*f = 162. Suppose 2*u + 2 = g, g - 4 = -0*u + u. Calculate the greatest common factor of f and g.
6
Suppose -1437 = -5*m - 262. Suppose 0 = -2*c + 3*r - 4*r + 95, 5*c - m = -3*r. Suppose 0*d - 125 = -5*d. Calculate the greatest common divisor of c and d.
25
Let y be 1011/7 + 3/(-7). What is the highest common divisor of 6 and y?
6
Let h(r) = r**3 + 7*r**2 - 11*r - 9. Let l be h(-8). Let c = 139 - 129. What is the greatest common factor of c and l?
5
Let g = 371 - 342. Let i(b) = 5*b**2 + 5*b - 2. Let s be i(3). Calculate the highest common divisor of s and g.
29
Let o be (-3 + (-52)/(-12))*3. Suppose -5*u = -o*u - 160. Calculate the highest common divisor of 20 and u.
20
Suppose -2*u = -4*t - 902, -u - 5*t = -623 + 207. Calculate the greatest common divisor of u and 9.
9
Suppose -f = -0*f - 1. Suppose -p + 1 = -f. Suppose -2*t + 2*n - p = -0*t, n = 4. What is the highest common divisor of 2 and t?
1
Let g = 294 - 207. Calculate the highest common divisor of g and 203.
29
Let g(n) = 6*n - 1. Let b be g(4). Let a be b*(-2)/(-6)*3. Let j(t) = 6*t**2 - 2*t + 3. Let u be j(2). What is the highest common factor of a and u?
23
Let p = 303 + -271. Calculate the highest common factor of p and 224.
32
Let u be (((-32)/(-28))/(-2))/(4/(-70)). Calculate the greatest common divisor of u and 15.
5
Let y = 567 - 252. What is the highest common divisor of y and 90?
45
Let d = -163 - -259. Let b = -25 + d. Suppose -19 = -i - l, -i + l = 4*i - b. What is the greatest common factor of 10 and i?
5
Let i = -367 + 577. What is the highest common divisor of i and 30?
30
Suppose 0 = 54*w - 62*w + 56. Calculate the highest common divisor of w and 168.
7
Suppose -u - u = 0. Suppose 5*t + 3*d - 337 = u, 5*d - 215 = -2*t - t. Let i(p) = -2*p + 10. Let k be i(-8). Calculate the greatest common divisor of t and k.
13
Let j(q) = -q**3 + q**2 - q + 4. Let k be j(3). Let x = k - -24. Calculate the greatest common factor of x and 1.
1
Suppose -9*f + 14 = -58. Let p(y) = 4*y + 12. Let k be p(5). Calculate the highest common divisor of f and k.
8
Suppose -7*v - 2*v + 1080 = 0. Suppose -11*h = -h - v. What is the highest common divisor of h and 24?
12
Let q = -82 - -405. What is the highest common factor of q and 51?
17
Let x(m) = 3*m + 3. Let q be x(10). Let r = q - 30. What is the greatest common factor of r and 1?
1
Let t(q) = 8*q + q + 0 - 1 + 2. Let i be t(3). Let z = 118 - i. Calculate the greatest common factor of z and 10.
10
Let q(s) = 57*s**2 + 37*s - 24. Let i be q(-6). Calculate the greatest common divisor of 84 and i.
42
Suppose 2*a - 3*a = -170. Let t be (-4)/34 - (-4)/34. Suppose 32*f - 27*f - a = t. Calculate the greatest common divisor of f and 17.
17
Suppose 2*p - 4 = 3*p - 4*r, 2*p = 4*r. Let h(z) = z**2 + 4*z - 25. Let x be h(p). Calculate the highest common factor of x and 7.
7
Let j(o) = 28*o + 46. Let f be j(2). What is the greatest common divisor of f and 1632?
102
Suppose -2*v - v = z - 13, 4*v - z = 15. Suppose 5*q + v = 29. Suppose -i + 2*i = q. What is the highest common factor of 35 and i?
5
Let o = -6 - 4. Let z = -7 - o. Suppose 32 = z*k - 5*w, -4*k + 5*w - 66 = -8*k. Calculate the highest common divisor of 42 and k.
14
Let g = 577 - -151. What is the highest common factor of 14 and g?
14
Suppose -4*v + 2*c + 10 = 0, -v + 3 = v + c. Let f be (6 + -6)/1 - (3 - -1). Let i be 1/((-8)/f)*v. Calculate the greatest common divisor of i and 11.
1
Suppose -15 = g - 4*q, -3*q - 21 = 3*g - 6. Let x(b) = -4*b - 23. Let z be x(g). What is the highest common divisor of 55 and z?
5
Let z = 169 - 52. What is the greatest common factor of 9 and z?
9
Let y(r) = r**3 - 6*r**2 + 2. Let a be y(6). Suppose 0 = a*w - 6*w + 5*b + 191, 3*w + 4*b = 120. What is the highest common divisor of w and 11?
11
Let x be (-53)/(-11) - 20/(-110). Suppose -3*u = -x*l + 1059, 21 = -l + 2*u + 237. What is the highest common divisor of 30 and l?
30
Let u be 5/(-2) + 51/(-34) - -194. What is the highest common divisor of 38 and u?
38
Let v(f) = 19*f**2 + 11*f + 1. Let h(k) = -19*k**2 - 10*k - 1. Let y(g) = -7*h(g) - 6*v(g). Let d be y(-2). Calculate the greatest common divisor of d and 23.
23
Suppose 0 = -q, -9*r - 200 = -11*r - 4*q. Calculate the highest common factor of 220 and r.
20
Let i(f) = 55*f + 680. Let s be i(-11). Calculate the highest common divisor of s and 175.
25
Let z(l) = 4*l**3 - 111*l**2 - 28*l + 2. Let f be z(28). What is the highest common factor of 4 and f?
2
Let t be 86/7 + 104/(-364). Calculate the highest common factor of t and 222.
6
Let i = 123 + -113. Suppose -2*d + 3*n + 35 = 0, 1 = 3*n + i. Calculate the greatest common divisor of d and 247.
13
Let g(b) = -11*b**2 + 1. Let f = 22 - 23. Let r be g(f). Let p be (8/r)/(34/(-2975)). What is the greatest common divisor of 28 and p?
14
Suppose -65*d + 60*d + 25 = 0. Suppose 10 = d*l - 5. Let h(y) = -y**2 + 6*y + 8. Let b be h(7). Calculate the highest common factor of l and b.
1
Let g be (-154 - -206) + (0 + 0 - -4). What is the highest common factor of 70 and g?
14
Let y = 2299 - 1077. Calculate the highest common divisor of y and 94.
94
Suppose -5*y = 3*y - 112. Suppose -2*g - 3 = 3, c = 2*g + 20. Calculate the greatest common divisor of y and c.
14
Suppose 0 = 6*s + 2*s + 168. Let f = s - -47. What is the greatest common factor of 13 and f?
13
Let b(o) = -6*o + 78. Let f be b(0). Calculate the highest common factor of f and 273.
39
Suppose -9247 - 64001 = -28*o. Calculate the highest common factor of o and 24.
24
Suppose 31*d + 2408 = 33*d. Calculate the highest common factor of 14 and d.
14
Suppose 4*k + 24 = 32. Suppose 0 = 5*u + x - 1390, -5*u + 1415 = k*x - 6*x. Suppose q - 6*q = -155. Calculate the greatest common divisor of u and q.
31
Let d = 3 + 9. Let u be -2 + 16/6 - (-64)/(-6). Let a be 9/18 + u/(-4). What is the greatest common divisor of a and d?
3
Let b = 92 + -51. Let h = 11 + b. What is the highest common divisor of 130 and h?
26
Let s be (-2)/3*-1 + (-21036)/(-36). What is the greatest common divisor of s and 225?
45
Let p be 2544/14 + (190/(-70) - -3). Let z = p - 57. What is the highest common divisor of 25 and z?
25
Suppose -5*k + 15 = l, -k + l = 2*k - 1. Calculate the greatest common divisor of k and 64.
2
Suppose 3*o = 8*o - 20, -b = 5*o - 50. Let n(j) = -2*j**2 + 10*j - 16. Let h be n(7). Let p = h + 59. What is the highest common divisor of p and b?
15
Suppose 0 = -z + 2*u - 124, -2*z + 2*u + 0*u = 252. Let r = -105 - z. Calculate the highest common divisor of r and 184.
23
Suppose 3*q + 3*r - 27 = 0, -3*r + 22 = 3*q - 5*r. What is the greatest common divisor of q and 232?
8
Let z(q) = 2*q**2 - 19*q + 93. Let h be z(6). Calculate the greatest common factor of 187 and h.
17
Let j(o) = -40*o + 10. Let t be j(-5). What is the greatest common divisor of t and 30?
30
Let a(z) = -2*z - 6. Let x be a(-4). Suppose -2*g + x*c = -30, c + 30 = 2*g + 2*c. Let v be g/2*(-20)/(-30). Calculate the greatest common divisor of v and 15.
5
Let p be (3 + -4)/(-3)*930*1. Calculate the greatest common factor of p and 10.
10
Let p(b) = b**3 + 8*b**2 - b - 5. Let d be p(-6). Let z = d - 57. Calculate the highest common factor of z and 48.
16
Let k(a) = -a**3 + 6*a**2 - 5*a + 8. Let v be k(4). Suppose v = 5*w, -5*r = -0*r + 4*w - 76. Calculate the highest common factor of 276 and r.
12
Suppose -344 + 99 = -5*x. Suppose 3 = -s + o - 18, 0 = s - 3*o + 11. Let f = x - s. What is the greatest common factor of 30 and f?
15
Suppose -70*c + 1093 = -1217. Calculate the great